{"id":703,"date":"2025-09-09T00:19:02","date_gmt":"2025-09-09T00:19:02","guid":{"rendered":"https:\/\/www.holygrail-cfa.fr\/?page_id=703"},"modified":"2025-09-25T18:05:21","modified_gmt":"2025-09-25T18:05:21","slug":"elementor-703","status":"publish","type":"page","link":"https:\/\/www.holygrail-cfa.fr\/index.php\/elementor-703\/","title":{"rendered":"Strat\u00e9gie relance"},"content":{"rendered":"\t\t<div data-elementor-type=\"wp-post\" data-elementor-id=\"703\" class=\"elementor elementor-703\">\n\t\t\t\t\t\t<section class=\"elementor-section elementor-top-section elementor-element elementor-element-7a801c7e elementor-section-boxed elementor-section-height-default elementor-section-height-default\" data-id=\"7a801c7e\" data-element_type=\"section\" data-settings=\"{&quot;background_background&quot;:&quot;slideshow&quot;,&quot;background_slideshow_gallery&quot;:[{&quot;id&quot;:665,&quot;url&quot;:&quot;http:\\\/\\\/www.holygrail-cfa.fr\\\/wp-content\\\/uploads\\\/2025\\\/09\\\/Capture-decran-2025-09-09-a-01.20.41.png&quot;}],&quot;background_slideshow_loop&quot;:&quot;yes&quot;,&quot;background_slideshow_slide_duration&quot;:5000,&quot;background_slideshow_slide_transition&quot;:&quot;fade&quot;,&quot;background_slideshow_transition_duration&quot;:500}\">\n\t\t\t\t\t\t<div class=\"elementor-container elementor-column-gap-default\">\n\t\t\t\t\t<div class=\"elementor-column elementor-col-100 elementor-top-column elementor-element elementor-element-232fc9c5 elementor-invisible\" data-id=\"232fc9c5\" data-element_type=\"column\" data-settings=\"{&quot;animation&quot;:&quot;fadeInDown&quot;}\">\n\t\t\t<div class=\"elementor-widget-wrap elementor-element-populated\">\n\t\t\t\t\t\t<div class=\"elementor-element elementor-element-7d37773b elementor-widget elementor-widget-heading\" data-id=\"7d37773b\" data-element_type=\"widget\" data-widget_type=\"heading.default\">\n\t\t\t\t\t<h2 class=\"elementor-heading-title elementor-size-default\">strat\u00e9gie relance<\/h2>\t\t\t\t<\/div>\n\t\t\t\t<div class=\"elementor-element elementor-element-5f606438 elementor-widget elementor-widget-text-editor\" data-id=\"5f606438\" data-element_type=\"widget\" data-widget_type=\"text-editor.default\">\n\t\t\t\t\t\t\t\t\t<p>Dynamisez votre entreprise gr\u00e2ce \u00e0 ce dispositif, tout en optimisant vos charges salariales et en pr\u00e9servant un climat social serein.<\/p>\t\t\t\t\t\t\t\t<\/div>\n\t\t\t\t\t<\/div>\n\t\t<\/div>\n\t\t\t\t\t<\/div>\n\t\t<\/section>\n\t\t<div class=\"elementor-element elementor-element-67ebfee8 e-flex e-con-boxed e-con e-parent\" data-id=\"67ebfee8\" data-element_type=\"container\">\n\t\t\t\t\t<div class=\"e-con-inner\">\n\t\t<div class=\"elementor-element elementor-element-7c0774c5 e-con-full e-flex e-con e-child\" data-id=\"7c0774c5\" data-element_type=\"container\">\n\t\t\t\t<div class=\"elementor-element elementor-element-5eb1641e elementor-invisible elementor-widget elementor-widget-image\" data-id=\"5eb1641e\" data-element_type=\"widget\" data-settings=\"{&quot;_animation&quot;:&quot;zoomInUp&quot;}\" data-widget_type=\"image.default\">\n\t\t\t\t\t\t\t\t\t\t\t\t\t\t\t<img decoding=\"async\" width=\"1\" height=\"1\" src=\"https:\/\/www.holygrail-cfa.fr\/wp-content\/uploads\/2025\/09\/gens-d-affaires-ayant-une-discussion-au-bureau.jpg\" class=\"attachment-large size-large wp-image-805\" alt=\"\" \/>\t\t\t\t\t\t\t\t\t\t\t\t\t\t\t<\/div>\n\t\t\t\t<\/div>\n\t\t<div class=\"elementor-element elementor-element-52777fef e-con-full e-flex e-con e-child\" data-id=\"52777fef\" data-element_type=\"container\">\n\t\t\t\t<div class=\"elementor-element elementor-element-4a1ddfe7 elementor-widget elementor-widget-heading\" data-id=\"4a1ddfe7\" data-element_type=\"widget\" data-widget_type=\"heading.default\">\n\t\t\t\t\t<h2 class=\"elementor-heading-title elementor-size-default\">\nStrat\u00e9gie Relance \u2013 HolyGrail<\/h2>\t\t\t\t<\/div>\n\t\t\t\t<div class=\"elementor-element elementor-element-14d406d9 elementor-widget elementor-widget-text-editor\" data-id=\"14d406d9\" data-element_type=\"widget\" data-widget_type=\"text-editor.default\">\n\t\t\t\t\t\t\t\t\t<h4 data-start=\"243\" data-end=\"279\">Avantages pour l\u2019entreprise<\/h4><ul data-start=\"280\" data-end=\"741\"><li data-start=\"280\" data-end=\"402\"><p data-start=\"282\" data-end=\"402\"><strong data-start=\"282\" data-end=\"309\">Masse salariale all\u00e9g\u00e9e<\/strong> : Les salaires des collaborateurs int\u00e9gr\u00e9s sont pris en charge par l\u2019\u00c9tat jusqu\u2019\u00e0 24 mois.<\/p><\/li><li data-start=\"403\" data-end=\"542\"><p data-start=\"405\" data-end=\"542\"><strong data-start=\"405\" data-end=\"429\">Tr\u00e9sorerie renforc\u00e9e<\/strong> : La r\u00e9duction des co\u00fbts salariaux permet \u00e0 l\u2019entreprise de se concentrer sur son d\u00e9veloppement et sa relance.<\/p><\/li><li data-start=\"543\" data-end=\"741\"><p data-start=\"545\" data-end=\"741\"><strong data-start=\"545\" data-end=\"569\">Climat social apais\u00e9<\/strong> : Plut\u00f4t que des licenciements, vous proposez des formations adapt\u00e9es aux attentes de vos collaborateurs, \u00e9vitant ainsi les conflits et valorisant votre image employeur.<\/p><\/li><\/ul>\t\t\t\t\t\t\t\t<\/div>\n\t\t\t\t<\/div>\n\t\t\t\t\t<\/div>\n\t\t\t\t<\/div>\n\t\t<div class=\"elementor-element elementor-element-69b1998f e-flex e-con-boxed e-con e-parent\" data-id=\"69b1998f\" data-element_type=\"container\">\n\t\t\t\t\t<div class=\"e-con-inner\">\n\t\t<div class=\"elementor-element elementor-element-2f83c805 e-con-full e-flex e-con e-child\" data-id=\"2f83c805\" data-element_type=\"container\">\n\t\t\t\t<div class=\"elementor-element elementor-element-6cd850cb elementor-widget elementor-widget-heading\" data-id=\"6cd850cb\" data-element_type=\"widget\" data-widget_type=\"heading.default\">\n\t\t\t\t\t<h2 class=\"elementor-heading-title elementor-size-default\">Avantages pour le salari\u00e9<\/h2>\t\t\t\t<\/div>\n\t\t\t\t<div class=\"elementor-element elementor-element-380cd3d6 elementor-widget elementor-widget-text-editor\" data-id=\"380cd3d6\" data-element_type=\"widget\" data-widget_type=\"text-editor.default\">\n\t\t\t\t\t\t\t\t\t<ul data-start=\"778\" data-end=\"1057\"><li data-start=\"778\" data-end=\"917\"><p data-start=\"780\" data-end=\"917\"><strong data-start=\"780\" data-end=\"806\">Reconversion s\u00e9curis\u00e9e<\/strong> : Une formation certifiante \u00e0 distance, enti\u00e8rement financ\u00e9e, pour d\u00e9velopper ou r\u00e9orienter ses comp\u00e9tences.<\/p><\/li><li data-start=\"918\" data-end=\"1057\"><p data-start=\"920\" data-end=\"1057\"><strong data-start=\"920\" data-end=\"942\">Maintien de revenu<\/strong> : Le salaire est assur\u00e9 jusqu\u2019\u00e0 100% pendant toute la dur\u00e9e de la formation, garantissant stabilit\u00e9 et s\u00e9r\u00e9nit\u00e9.<\/p><\/li><\/ul>\t\t\t\t\t\t\t\t<\/div>\n\t\t\t\t<\/div>\n\t\t<div class=\"elementor-element elementor-element-3998f1e9 e-con-full e-flex e-con e-child\" data-id=\"3998f1e9\" data-element_type=\"container\">\n\t\t\t\t<div class=\"elementor-element elementor-element-72d7a16c elementor-invisible elementor-widget elementor-widget-image\" data-id=\"72d7a16c\" data-element_type=\"widget\" data-settings=\"{&quot;_animation&quot;:&quot;rubberBand&quot;}\" data-widget_type=\"image.default\">\n\t\t\t\t\t\t\t\t\t\t\t\t\t\t\t<img fetchpriority=\"high\" decoding=\"async\" width=\"1024\" height=\"683\" src=\"https:\/\/www.holygrail-cfa.fr\/wp-content\/uploads\/2025\/09\/volontaires-de-tir-moyen-travaillant-ensemble-1024x683.jpg\" class=\"attachment-large size-large wp-image-806\" alt=\"\" srcset=\"https:\/\/www.holygrail-cfa.fr\/wp-content\/uploads\/2025\/09\/volontaires-de-tir-moyen-travaillant-ensemble-1024x683.jpg 1024w, https:\/\/www.holygrail-cfa.fr\/wp-content\/uploads\/2025\/09\/volontaires-de-tir-moyen-travaillant-ensemble-300x200.jpg 300w, https:\/\/www.holygrail-cfa.fr\/wp-content\/uploads\/2025\/09\/volontaires-de-tir-moyen-travaillant-ensemble-768x512.jpg 768w\" sizes=\"(max-width: 1024px) 100vw, 1024px\" \/>\t\t\t\t\t\t\t\t\t\t\t\t\t\t\t<\/div>\n\t\t\t\t<\/div>\n\t\t\t\t\t<\/div>\n\t\t\t\t<\/div>\n\t\t\t\t<section class=\"elementor-section elementor-top-section elementor-element elementor-element-54ea98f5 elementor-section-boxed elementor-section-height-default elementor-section-height-default\" data-id=\"54ea98f5\" data-element_type=\"section\" data-settings=\"{&quot;background_background&quot;:&quot;classic&quot;}\">\n\t\t\t\t\t\t\t<div class=\"elementor-background-overlay\"><\/div>\n\t\t\t\t\t\t\t<div class=\"elementor-container elementor-column-gap-default\">\n\t\t\t\t\t<div class=\"elementor-column elementor-col-100 elementor-top-column elementor-element elementor-element-6c8650fc\" data-id=\"6c8650fc\" data-element_type=\"column\">\n\t\t\t<div class=\"elementor-widget-wrap elementor-element-populated\">\n\t\t\t\t\t\t<div class=\"elementor-element elementor-element-db3d9fb elementor-widget elementor-widget-spacer\" data-id=\"db3d9fb\" data-element_type=\"widget\" data-widget_type=\"spacer.default\">\n\t\t\t\t\t\t\t<div class=\"elementor-spacer\">\n\t\t\t<div class=\"elementor-spacer-inner\"><\/div>\n\t\t<\/div>\n\t\t\t\t\t\t<\/div>\n\t\t\t\t<section class=\"elementor-section elementor-inner-section elementor-element elementor-element-388975cf elementor-section-boxed elementor-section-height-default elementor-section-height-default\" data-id=\"388975cf\" data-element_type=\"section\">\n\t\t\t\t\t\t<div class=\"elementor-container elementor-column-gap-default\">\n\t\t\t\t\t<div class=\"elementor-column elementor-col-100 elementor-inner-column elementor-element elementor-element-2d42ad00\" data-id=\"2d42ad00\" data-element_type=\"column\">\n\t\t\t<div class=\"elementor-widget-wrap elementor-element-populated\">\n\t\t\t\t\t\t<div class=\"elementor-element elementor-element-258e6f67 elementor-widget elementor-widget-heading\" data-id=\"258e6f67\" data-element_type=\"widget\" data-widget_type=\"heading.default\">\n\t\t\t\t\t<h2 class=\"elementor-heading-title elementor-size-default\">Ils nous font confiance\n<\/h2>\t\t\t\t<\/div>\n\t\t\t\t\t<\/div>\n\t\t<\/div>\n\t\t\t\t\t<\/div>\n\t\t<\/section>\n\t\t\t\t<section class=\"elementor-section elementor-inner-section elementor-element elementor-element-1e748c45 elementor-section-boxed elementor-section-height-default elementor-section-height-default elementor-invisible\" data-id=\"1e748c45\" data-element_type=\"section\" data-settings=\"{&quot;animation&quot;:&quot;shake&quot;}\">\n\t\t\t\t\t\t<div class=\"elementor-container elementor-column-gap-default\">\n\t\t\t\t\t<div class=\"elementor-column elementor-col-50 elementor-inner-column elementor-element elementor-element-5033be91\" data-id=\"5033be91\" data-element_type=\"column\">\n\t\t\t<div class=\"elementor-widget-wrap elementor-element-populated\">\n\t\t\t\t\t\t<div class=\"elementor-element elementor-element-12f2c8cd elementor-invisible elementor-widget elementor-widget-text-editor\" data-id=\"12f2c8cd\" data-element_type=\"widget\" data-settings=\"{&quot;_animation&quot;:&quot;fadeIn&quot;}\" data-widget_type=\"text-editor.default\">\n\t\t\t\t\t\t\t\t\t<p>Un accompagnement innovant, flexible et parfaitement adapt\u00e9 \u00e0 nos besoins. R\u00e9sultats : plus de productivit\u00e9 et de comp\u00e9titivit\u00e9 dans toutes nos agences.<\/p><p><span style=\"text-decoration: underline;\"><strong>BANGKOK FACTORY<\/strong><\/span><\/p>\t\t\t\t\t\t\t\t<\/div>\n\t\t\t\t<div class=\"elementor-element elementor-element-a5b5bf2 elementor-invisible elementor-widget elementor-widget-text-editor\" data-id=\"a5b5bf2\" data-element_type=\"widget\" data-settings=\"{&quot;_animation&quot;:&quot;fadeIn&quot;}\" data-widget_type=\"text-editor.default\">\n\t\t\t\t\t\t\t\t\t<p>Une exp\u00e9rience de formation moderne et interactive. Nous avons particuli\u00e8rement appr\u00e9ci\u00e9 la flexibilit\u00e9 et l\u2019adaptation aux contraintes de notre secteur. Un vrai levier de progression pour l\u2019entreprise.<\/p><p><span style=\"text-decoration: underline;\"><strong>FEU VERT<\/strong><\/span><\/p>\t\t\t\t\t\t\t\t<\/div>\n\t\t\t\t\t<\/div>\n\t\t<\/div>\n\t\t\t\t<div class=\"elementor-column elementor-col-50 elementor-inner-column elementor-element elementor-element-2e0952ba\" data-id=\"2e0952ba\" data-element_type=\"column\">\n\t\t\t<div class=\"elementor-widget-wrap elementor-element-populated\">\n\t\t\t\t\t\t<div class=\"elementor-element elementor-element-7170e2b7 elementor-invisible elementor-widget elementor-widget-text-editor\" data-id=\"7170e2b7\" data-element_type=\"widget\" data-settings=\"{&quot;_animation&quot;:&quot;fadeIn&quot;}\" data-widget_type=\"text-editor.default\">\n\t\t\t\t\t\t\t\t\t<p>Une formation tr\u00e8s enrichissante, parfaitement adapt\u00e9e \u00e0 nos besoins. Nos \u00e9quipes sont mont\u00e9es en comp\u00e9tences rapidement et appliquent d\u00e9j\u00e0 les nouvelles m\u00e9thodes au quotidien.<\/p><p><span style=\"text-decoration: underline;\"><strong>GTI IMMOBLIER<\/strong><\/span><\/p>\t\t\t\t\t\t\t\t<\/div>\n\t\t\t\t<div class=\"elementor-element elementor-element-16a33ce7 elementor-invisible elementor-widget elementor-widget-text-editor\" data-id=\"16a33ce7\" data-element_type=\"widget\" data-settings=\"{&quot;_animation&quot;:&quot;fadeIn&quot;}\" data-widget_type=\"text-editor.default\">\n\t\t\t\t\t\t\t\t\t<p>Des formateurs disponibles, p\u00e9dagogues et \u00e0 l\u2019\u00e9coute. Le contenu est concret, clair et imm\u00e9diatement utile. Nous voyons d\u00e9j\u00e0 un vrai impact sur la performance de nos collaborateurs.<\/p><p><span style=\"text-decoration: underline;\"><strong>SAC CONSULTING<\/strong><\/span><\/p>\t\t\t\t\t\t\t\t<\/div>\n\t\t\t\t\t<\/div>\n\t\t<\/div>\n\t\t\t\t\t<\/div>\n\t\t<\/section>\n\t\t\t\t\t<\/div>\n\t\t<\/div>\n\t\t\t\t\t<\/div>\n\t\t<\/section>\n\t\t\t\t<\/div>\n\t\t","protected":false},"excerpt":{"rendered":"<p>strat\u00e9gie relance Dynamisez votre entreprise gr\u00e2ce \u00e0 ce dispositif, tout en optimisant vos charges salariales et en pr\u00e9servant un climat social serein. Strat\u00e9gie Relance \u2013 HolyGrail Avantages pour l\u2019entreprise Masse salariale all\u00e9g\u00e9e : Les salaires des collaborateurs int\u00e9gr\u00e9s sont pris en charge par l\u2019\u00c9tat jusqu\u2019\u00e0 24 mois. Tr\u00e9sorerie renforc\u00e9e : La r\u00e9duction des co\u00fbts salariaux [&hellip;]<\/p>\n","protected":false},"author":1,"featured_media":0,"parent":0,"menu_order":0,"comment_status":"closed","ping_status":"closed","template":"elementor_header_footer","meta":{"ocean_post_layout":"","ocean_both_sidebars_style":"","ocean_both_sidebars_content_width":0,"ocean_both_sidebars_sidebars_width":0,"ocean_sidebar":"","ocean_second_sidebar":"","ocean_disable_margins":"enable","ocean_add_body_class":"","ocean_shortcode_before_top_bar":"","ocean_shortcode_after_top_bar":"","ocean_shortcode_before_header":"","ocean_shortcode_after_header":"","ocean_has_shortcode":"","ocean_shortcode_after_title":"","ocean_shortcode_before_footer_widgets":"","ocean_shortcode_after_footer_widgets":"","ocean_shortcode_before_footer_bottom":"","ocean_shortcode_after_footer_bottom":"","ocean_display_top_bar":"default","ocean_display_header":"default","ocean_header_style":"","ocean_center_header_left_menu":"","ocean_custom_header_template":"","ocean_custom_logo":0,"ocean_custom_retina_logo":0,"ocean_custom_logo_max_width":0,"ocean_custom_logo_tablet_max_width":0,"ocean_custom_logo_mobile_max_width":0,"ocean_custom_logo_max_height":0,"ocean_custom_logo_tablet_max_height":0,"ocean_custom_logo_mobile_max_height":0,"ocean_header_custom_menu":"","ocean_menu_typo_font_family":"","ocean_menu_typo_font_subset":"","ocean_menu_typo_font_size":0,"ocean_menu_typo_font_size_tablet":0,"ocean_menu_typo_font_size_mobile":0,"ocean_menu_typo_font_size_unit":"px","ocean_menu_typo_font_weight":"","ocean_menu_typo_font_weight_tablet":"","ocean_menu_typo_font_weight_mobile":"","ocean_menu_typo_transform":"","ocean_menu_typo_transform_tablet":"","ocean_menu_typo_transform_mobile":"","ocean_menu_typo_line_height":0,"ocean_menu_typo_line_height_tablet":0,"ocean_menu_typo_line_height_mobile":0,"ocean_menu_typo_line_height_unit":"","ocean_menu_typo_spacing":0,"ocean_menu_typo_spacing_tablet":0,"ocean_menu_typo_spacing_mobile":0,"ocean_menu_typo_spacing_unit":"","ocean_menu_link_color":"","ocean_menu_link_color_hover":"","ocean_menu_link_color_active":"","ocean_menu_link_background":"","ocean_menu_link_hover_background":"","ocean_menu_link_active_background":"","ocean_menu_social_links_bg":"","ocean_menu_social_hover_links_bg":"","ocean_menu_social_links_color":"","ocean_menu_social_hover_links_color":"","ocean_disable_title":"on","ocean_disable_heading":"enable","ocean_post_title":"","ocean_post_subheading":"","ocean_post_title_style":"","ocean_post_title_background_color":"","ocean_post_title_background":0,"ocean_post_title_bg_image_position":"","ocean_post_title_bg_image_attachment":"","ocean_post_title_bg_image_repeat":"","ocean_post_title_bg_image_size":"","ocean_post_title_height":0,"ocean_post_title_bg_overlay":0.5,"ocean_post_title_bg_overlay_color":"","ocean_disable_breadcrumbs":"default","ocean_breadcrumbs_color":"","ocean_breadcrumbs_separator_color":"","ocean_breadcrumbs_links_color":"","ocean_breadcrumbs_links_hover_color":"","ocean_display_footer_widgets":"default","ocean_display_footer_bottom":"default","ocean_custom_footer_template":"","omw_enable_modal_window":"enable","footnotes":""},"class_list":["post-703","page","type-page","status-publish","hentry","entry"],"_links":{"self":[{"href":"https:\/\/www.holygrail-cfa.fr\/index.php\/wp-json\/wp\/v2\/pages\/703","targetHints":{"allow":["GET"]}}],"collection":[{"href":"https:\/\/www.holygrail-cfa.fr\/index.php\/wp-json\/wp\/v2\/pages"}],"about":[{"href":"https:\/\/www.holygrail-cfa.fr\/index.php\/wp-json\/wp\/v2\/types\/page"}],"author":[{"embeddable":true,"href":"https:\/\/www.holygrail-cfa.fr\/index.php\/wp-json\/wp\/v2\/users\/1"}],"replies":[{"embeddable":true,"href":"https:\/\/www.holygrail-cfa.fr\/index.php\/wp-json\/wp\/v2\/comments?post=703"}],"version-history":[{"count":18,"href":"https:\/\/www.holygrail-cfa.fr\/index.php\/wp-json\/wp\/v2\/pages\/703\/revisions"}],"predecessor-version":[{"id":833,"href":"https:\/\/www.holygrail-cfa.fr\/index.php\/wp-json\/wp\/v2\/pages\/703\/revisions\/833"}],"wp:attachment":[{"href":"https:\/\/www.holygrail-cfa.fr\/index.php\/wp-json\/wp\/v2\/media?parent=703"}],"curies":[{"name":"wp","href":"https:\/\/api.w.org\/{rel}","templated":true}]}}