{"id":691,"date":"2025-09-09T00:07:07","date_gmt":"2025-09-09T00:07:07","guid":{"rendered":"https:\/\/www.holygrail-cfa.fr\/?page_id=691"},"modified":"2025-09-25T17:29:44","modified_gmt":"2025-09-25T17:29:44","slug":"elementor-691","status":"publish","type":"page","link":"https:\/\/www.holygrail-cfa.fr\/index.php\/elementor-691\/","title":{"rendered":"Elementor #691"},"content":{"rendered":"\t\t<div data-elementor-type=\"wp-page\" data-elementor-id=\"691\" class=\"elementor elementor-691\">\n\t\t\t\t<div class=\"elementor-element elementor-element-66f9eb3 e-flex e-con-boxed e-con e-parent\" data-id=\"66f9eb3\" data-element_type=\"container\" data-settings=\"{&quot;background_background&quot;:&quot;slideshow&quot;,&quot;background_slideshow_gallery&quot;:[{&quot;id&quot;:665,&quot;url&quot;:&quot;http:\\\/\\\/www.holygrail-cfa.fr\\\/wp-content\\\/uploads\\\/2025\\\/09\\\/Capture-decran-2025-09-09-a-01.20.41.png&quot;}],&quot;background_slideshow_loop&quot;:&quot;yes&quot;,&quot;background_slideshow_slide_duration&quot;:5000,&quot;background_slideshow_slide_transition&quot;:&quot;fade&quot;,&quot;background_slideshow_transition_duration&quot;:500}\">\n\t\t\t\t\t<div class=\"e-con-inner\">\n\t\t<div class=\"elementor-element elementor-element-185d0dc e-con-full e-flex e-con e-child\" data-id=\"185d0dc\" data-element_type=\"container\">\n\t\t\t\t<div class=\"elementor-element elementor-element-66f0143 elementor-widget elementor-widget-heading\" data-id=\"66f0143\" data-element_type=\"widget\" data-widget_type=\"heading.default\">\n\t\t\t\t\t<h2 class=\"elementor-heading-title elementor-size-default\">Horizon pro<\/h2>\t\t\t\t<\/div>\n\t\t\t\t<div class=\"elementor-element elementor-element-77d920b elementor-widget elementor-widget-text-editor\" data-id=\"77d920b\" data-element_type=\"widget\" data-widget_type=\"text-editor.default\">\n\t\t\t\t\t\t\t\t\t<p>Un dispositif innovant pour transformer vos \u00e9quipes en v\u00e9ritables moteurs de croissance.<\/p>\t\t\t\t\t\t\t\t<\/div>\n\t\t\t\t<\/div>\n\t\t\t\t\t<\/div>\n\t\t\t\t<\/div>\n\t\t<div class=\"elementor-element elementor-element-4dcabdda e-flex e-con-boxed e-con e-parent\" data-id=\"4dcabdda\" data-element_type=\"container\">\n\t\t\t\t\t<div class=\"e-con-inner\">\n\t\t<div class=\"elementor-element elementor-element-4aa1c69f e-con-full e-flex e-con e-child\" data-id=\"4aa1c69f\" data-element_type=\"container\" data-settings=\"{&quot;background_background&quot;:&quot;classic&quot;}\">\n\t\t\t\t<div class=\"elementor-element elementor-element-2eb53c8 elementor-widget elementor-widget-image\" data-id=\"2eb53c8\" data-element_type=\"widget\" data-widget_type=\"image.default\">\n\t\t\t\t\t\t\t\t\t\t\t\t\t\t\t<img fetchpriority=\"high\" decoding=\"async\" width=\"698\" height=\"1024\" src=\"https:\/\/www.holygrail-cfa.fr\/wp-content\/uploads\/2025\/09\/jeune-homme-d-affaires-presentant-devant-la-direction-dans-la-salle-de-conference-698x1024.jpg\" class=\"attachment-large size-large wp-image-801\" alt=\"\" srcset=\"https:\/\/www.holygrail-cfa.fr\/wp-content\/uploads\/2025\/09\/jeune-homme-d-affaires-presentant-devant-la-direction-dans-la-salle-de-conference-698x1024.jpg 698w, https:\/\/www.holygrail-cfa.fr\/wp-content\/uploads\/2025\/09\/jeune-homme-d-affaires-presentant-devant-la-direction-dans-la-salle-de-conference-205x300.jpg 205w, https:\/\/www.holygrail-cfa.fr\/wp-content\/uploads\/2025\/09\/jeune-homme-d-affaires-presentant-devant-la-direction-dans-la-salle-de-conference-768x1126.jpg 768w, https:\/\/www.holygrail-cfa.fr\/wp-content\/uploads\/2025\/09\/jeune-homme-d-affaires-presentant-devant-la-direction-dans-la-salle-de-conference-1047x1536.jpg 1047w, https:\/\/www.holygrail-cfa.fr\/wp-content\/uploads\/2025\/09\/jeune-homme-d-affaires-presentant-devant-la-direction-dans-la-salle-de-conference-1396x2048.jpg 1396w, https:\/\/www.holygrail-cfa.fr\/wp-content\/uploads\/2025\/09\/jeune-homme-d-affaires-presentant-devant-la-direction-dans-la-salle-de-conference-scaled.jpg 1745w\" sizes=\"(max-width: 698px) 100vw, 698px\" \/>\t\t\t\t\t\t\t\t\t\t\t\t\t\t\t<\/div>\n\t\t\t\t<\/div>\n\t\t<div class=\"elementor-element elementor-element-1b70e17 e-con-full e-flex e-con e-child\" data-id=\"1b70e17\" data-element_type=\"container\">\n\t\t\t\t<div class=\"elementor-element elementor-element-24c87e26 elementor-widget elementor-widget-heading\" data-id=\"24c87e26\" data-element_type=\"widget\" data-widget_type=\"heading.default\">\n\t\t\t\t\t<h2 class=\"elementor-heading-title elementor-size-default\">\nStrat\u00e9gie Horizon Pro \u2013 HolyGrail<\/h2>\t\t\t\t<\/div>\n\t\t\t\t<div class=\"elementor-element elementor-element-11df3319 elementor-widget elementor-widget-text-editor\" data-id=\"11df3319\" data-element_type=\"widget\" data-widget_type=\"text-editor.default\">\n\t\t\t\t\t\t\t\t\t<p data-start=\"358\" data-end=\"402\"><strong data-start=\"358\" data-end=\"400\">Avantages cl\u00e9s pour votre entreprise :<\/strong><\/p><p data-start=\"404\" data-end=\"704\"><strong data-start=\"404\" data-end=\"426\">Formation continue<\/strong><br data-start=\"426\" data-end=\"429\" \/>Le co\u00fbt salarial des nouveaux collaborateurs est en grande partie pris en charge par l\u2019\u00c9tat pendant un an. Par exemple, un salari\u00e9 pay\u00e9 au SMIC repr\u00e9sente un co\u00fbt annuel d\u2019environ 25 000\u20ac, que vous pouvez r\u00e9affecter pour d\u00e9velopper votre entreprise gr\u00e2ce \u00e0 notre programme.<\/p><p data-start=\"706\" data-end=\"925\"><strong data-start=\"706\" data-end=\"734\">Engagement et motivation<\/strong><br data-start=\"734\" data-end=\"737\" \/>Les collaborateurs int\u00e9gr\u00e9s via ce dispositif affichent un engagement et une motivation accrus, ce qui valorise leur progression professionnelle et renforce la dynamique de votre \u00e9quipe.<\/p><p data-start=\"927\" data-end=\"1162\"><strong data-start=\"927\" data-end=\"954\">Stabilit\u00e9 de tr\u00e9sorerie<\/strong><br data-start=\"954\" data-end=\"957\" \/>Le collaborateur se forme au sein de votre entreprise pendant toute la dur\u00e9e du programme, avec une r\u00e9mun\u00e9ration partiellement ou totalement prise en charge, limitant ainsi l\u2019impact sur votre tr\u00e9sorerie.<\/p><p data-start=\"1164\" data-end=\"1342\"><strong data-start=\"1164\" data-end=\"1195\">Accompagnement personnalis\u00e9<\/strong><br data-start=\"1195\" data-end=\"1198\" \/>De la s\u00e9lection \u00e0 l\u2019int\u00e9gration du collaborateur, nous vous accompagnons \u00e0 chaque \u00e9tape pour garantir un processus simple, efficace et r\u00e9ussi.<\/p>\t\t\t\t\t\t\t\t<\/div>\n\t\t\t\t<\/div>\n\t\t\t\t\t<\/div>\n\t\t\t\t<\/div>\n\t\t\t\t<section class=\"elementor-section elementor-top-section elementor-element elementor-element-27609ea6 elementor-section-boxed elementor-section-height-default elementor-section-height-default\" data-id=\"27609ea6\" data-element_type=\"section\" data-settings=\"{&quot;background_background&quot;:&quot;classic&quot;}\">\n\t\t\t\t\t\t\t<div class=\"elementor-background-overlay\"><\/div>\n\t\t\t\t\t\t\t<div class=\"elementor-container elementor-column-gap-default\">\n\t\t\t\t\t<div class=\"elementor-column elementor-col-100 elementor-top-column elementor-element elementor-element-4fc85c2\" data-id=\"4fc85c2\" data-element_type=\"column\">\n\t\t\t<div class=\"elementor-widget-wrap elementor-element-populated\">\n\t\t\t\t\t\t<div class=\"elementor-element elementor-element-3ab0487e elementor-widget elementor-widget-spacer\" data-id=\"3ab0487e\" data-element_type=\"widget\" data-widget_type=\"spacer.default\">\n\t\t\t\t\t\t\t<div class=\"elementor-spacer\">\n\t\t\t<div class=\"elementor-spacer-inner\"><\/div>\n\t\t<\/div>\n\t\t\t\t\t\t<\/div>\n\t\t\t\t<section class=\"elementor-section elementor-inner-section elementor-element elementor-element-673ccb14 elementor-section-boxed elementor-section-height-default elementor-section-height-default\" data-id=\"673ccb14\" data-element_type=\"section\">\n\t\t\t\t\t\t<div class=\"elementor-container elementor-column-gap-default\">\n\t\t\t\t\t<div class=\"elementor-column elementor-col-100 elementor-inner-column elementor-element elementor-element-6e2885ed\" data-id=\"6e2885ed\" data-element_type=\"column\">\n\t\t\t<div class=\"elementor-widget-wrap elementor-element-populated\">\n\t\t\t\t\t\t<div class=\"elementor-element elementor-element-68171f2 elementor-widget elementor-widget-heading\" data-id=\"68171f2\" data-element_type=\"widget\" data-widget_type=\"heading.default\">\n\t\t\t\t\t<h2 class=\"elementor-heading-title elementor-size-default\">Ils nous font confiance\n<\/h2>\t\t\t\t<\/div>\n\t\t\t\t\t<\/div>\n\t\t<\/div>\n\t\t\t\t\t<\/div>\n\t\t<\/section>\n\t\t\t\t<section class=\"elementor-section elementor-inner-section elementor-element elementor-element-630ed1d7 elementor-section-boxed elementor-section-height-default elementor-section-height-default\" data-id=\"630ed1d7\" data-element_type=\"section\">\n\t\t\t\t\t\t<div class=\"elementor-container elementor-column-gap-default\">\n\t\t\t\t\t<div class=\"elementor-column elementor-col-50 elementor-inner-column elementor-element elementor-element-4f1ba582\" data-id=\"4f1ba582\" data-element_type=\"column\">\n\t\t\t<div class=\"elementor-widget-wrap elementor-element-populated\">\n\t\t\t\t\t\t<div class=\"elementor-element elementor-element-18e374f8 elementor-invisible elementor-widget elementor-widget-text-editor\" data-id=\"18e374f8\" data-element_type=\"widget\" data-settings=\"{&quot;_animation&quot;:&quot;fadeIn&quot;}\" data-widget_type=\"text-editor.default\">\n\t\t\t\t\t\t\t\t\t<p>Un accompagnement innovant, flexible et parfaitement adapt\u00e9 \u00e0 nos besoins. R\u00e9sultats : plus de productivit\u00e9 et de comp\u00e9titivit\u00e9 dans toutes nos agences.<\/p><p><span style=\"text-decoration: underline;\"><strong>BANGKOK FACTORY<\/strong><\/span><\/p>\t\t\t\t\t\t\t\t<\/div>\n\t\t\t\t<div class=\"elementor-element elementor-element-3d9b34aa elementor-invisible elementor-widget elementor-widget-text-editor\" data-id=\"3d9b34aa\" data-element_type=\"widget\" data-settings=\"{&quot;_animation&quot;:&quot;fadeIn&quot;}\" data-widget_type=\"text-editor.default\">\n\t\t\t\t\t\t\t\t\t<p>Une exp\u00e9rience de formation moderne et interactive. Nous avons particuli\u00e8rement appr\u00e9ci\u00e9 la flexibilit\u00e9 et l\u2019adaptation aux contraintes de notre secteur. Un vrai levier de progression pour l\u2019entreprise.<\/p><p><span style=\"text-decoration: underline;\"><strong>FEU VERT<\/strong><\/span><\/p>\t\t\t\t\t\t\t\t<\/div>\n\t\t\t\t\t<\/div>\n\t\t<\/div>\n\t\t\t\t<div class=\"elementor-column elementor-col-50 elementor-inner-column elementor-element elementor-element-37f3e46c\" data-id=\"37f3e46c\" data-element_type=\"column\">\n\t\t\t<div class=\"elementor-widget-wrap elementor-element-populated\">\n\t\t\t\t\t\t<div class=\"elementor-element elementor-element-4199be06 elementor-invisible elementor-widget elementor-widget-text-editor\" data-id=\"4199be06\" data-element_type=\"widget\" data-settings=\"{&quot;_animation&quot;:&quot;fadeIn&quot;}\" data-widget_type=\"text-editor.default\">\n\t\t\t\t\t\t\t\t\t<p>Une formation tr\u00e8s enrichissante, parfaitement adapt\u00e9e \u00e0 nos besoins. Nos \u00e9quipes sont mont\u00e9es en comp\u00e9tences rapidement et appliquent d\u00e9j\u00e0 les nouvelles m\u00e9thodes au quotidien.<\/p><p><span style=\"text-decoration: underline;\"><strong>GTI IMMOBLIER<\/strong><\/span><\/p>\t\t\t\t\t\t\t\t<\/div>\n\t\t\t\t<div class=\"elementor-element elementor-element-33cbf555 elementor-invisible elementor-widget elementor-widget-text-editor\" data-id=\"33cbf555\" data-element_type=\"widget\" data-settings=\"{&quot;_animation&quot;:&quot;fadeIn&quot;}\" data-widget_type=\"text-editor.default\">\n\t\t\t\t\t\t\t\t\t<p>Des formateurs disponibles, p\u00e9dagogues et \u00e0 l\u2019\u00e9coute. Le contenu est concret, clair et imm\u00e9diatement utile. Nous voyons d\u00e9j\u00e0 un vrai impact sur la performance de nos collaborateurs.<\/p><p><span style=\"text-decoration: underline;\"><strong>SAC CONSULTING<\/strong><\/span><\/p>\t\t\t\t\t\t\t\t<\/div>\n\t\t\t\t\t<\/div>\n\t\t<\/div>\n\t\t\t\t\t<\/div>\n\t\t<\/section>\n\t\t\t\t\t<\/div>\n\t\t<\/div>\n\t\t\t\t\t<\/div>\n\t\t<\/section>\n\t\t\t\t<\/div>\n\t\t","protected":false},"excerpt":{"rendered":"<p>Horizon pro Un dispositif innovant pour transformer vos \u00e9quipes en v\u00e9ritables moteurs de croissance. Strat\u00e9gie Horizon Pro \u2013 HolyGrail Avantages cl\u00e9s pour votre entreprise : Formation continueLe co\u00fbt salarial des nouveaux collaborateurs est en grande partie pris en charge par l\u2019\u00c9tat pendant un an. Par exemple, un salari\u00e9 pay\u00e9 au SMIC repr\u00e9sente un co\u00fbt annuel [&hellip;]<\/p>\n","protected":false},"author":1,"featured_media":0,"parent":0,"menu_order":0,"comment_status":"closed","ping_status":"closed","template":"elementor_header_footer","meta":{"ocean_post_layout":"","ocean_both_sidebars_style":"","ocean_both_sidebars_content_width":0,"ocean_both_sidebars_sidebars_width":0,"ocean_sidebar":"","ocean_second_sidebar":"","ocean_disable_margins":"enable","ocean_add_body_class":"","ocean_shortcode_before_top_bar":"","ocean_shortcode_after_top_bar":"","ocean_shortcode_before_header":"","ocean_shortcode_after_header":"","ocean_has_shortcode":"","ocean_shortcode_after_title":"","ocean_shortcode_before_footer_widgets":"","ocean_shortcode_after_footer_widgets":"","ocean_shortcode_before_footer_bottom":"","ocean_shortcode_after_footer_bottom":"","ocean_display_top_bar":"on","ocean_display_header":"on","ocean_header_style":"","ocean_center_header_left_menu":"","ocean_custom_header_template":"","ocean_custom_logo":0,"ocean_custom_retina_logo":0,"ocean_custom_logo_max_width":0,"ocean_custom_logo_tablet_max_width":0,"ocean_custom_logo_mobile_max_width":0,"ocean_custom_logo_max_height":0,"ocean_custom_logo_tablet_max_height":0,"ocean_custom_logo_mobile_max_height":0,"ocean_header_custom_menu":"","ocean_menu_typo_font_family":"","ocean_menu_typo_font_subset":"","ocean_menu_typo_font_size":0,"ocean_menu_typo_font_size_tablet":0,"ocean_menu_typo_font_size_mobile":0,"ocean_menu_typo_font_size_unit":"px","ocean_menu_typo_font_weight":"","ocean_menu_typo_font_weight_tablet":"","ocean_menu_typo_font_weight_mobile":"","ocean_menu_typo_transform":"","ocean_menu_typo_transform_tablet":"","ocean_menu_typo_transform_mobile":"","ocean_menu_typo_line_height":0,"ocean_menu_typo_line_height_tablet":0,"ocean_menu_typo_line_height_mobile":0,"ocean_menu_typo_line_height_unit":"","ocean_menu_typo_spacing":0,"ocean_menu_typo_spacing_tablet":0,"ocean_menu_typo_spacing_mobile":0,"ocean_menu_typo_spacing_unit":"","ocean_menu_link_color":"","ocean_menu_link_color_hover":"","ocean_menu_link_color_active":"","ocean_menu_link_background":"","ocean_menu_link_hover_background":"","ocean_menu_link_active_background":"","ocean_menu_social_links_bg":"","ocean_menu_social_hover_links_bg":"","ocean_menu_social_links_color":"","ocean_menu_social_hover_links_color":"","ocean_disable_title":"on","ocean_disable_heading":"default","ocean_post_title":"","ocean_post_subheading":"","ocean_post_title_style":"","ocean_post_title_background_color":"","ocean_post_title_background":0,"ocean_post_title_bg_image_position":"","ocean_post_title_bg_image_attachment":"","ocean_post_title_bg_image_repeat":"","ocean_post_title_bg_image_size":"","ocean_post_title_height":0,"ocean_post_title_bg_overlay":0.5,"ocean_post_title_bg_overlay_color":"","ocean_disable_breadcrumbs":"default","ocean_breadcrumbs_color":"","ocean_breadcrumbs_separator_color":"","ocean_breadcrumbs_links_color":"","ocean_breadcrumbs_links_hover_color":"","ocean_display_footer_widgets":"default","ocean_display_footer_bottom":"default","ocean_custom_footer_template":"","omw_enable_modal_window":"enable","footnotes":""},"class_list":["post-691","page","type-page","status-publish","hentry","entry"],"_links":{"self":[{"href":"https:\/\/www.holygrail-cfa.fr\/index.php\/wp-json\/wp\/v2\/pages\/691","targetHints":{"allow":["GET"]}}],"collection":[{"href":"https:\/\/www.holygrail-cfa.fr\/index.php\/wp-json\/wp\/v2\/pages"}],"about":[{"href":"https:\/\/www.holygrail-cfa.fr\/index.php\/wp-json\/wp\/v2\/types\/page"}],"author":[{"embeddable":true,"href":"https:\/\/www.holygrail-cfa.fr\/index.php\/wp-json\/wp\/v2\/users\/1"}],"replies":[{"embeddable":true,"href":"https:\/\/www.holygrail-cfa.fr\/index.php\/wp-json\/wp\/v2\/comments?post=691"}],"version-history":[{"count":20,"href":"https:\/\/www.holygrail-cfa.fr\/index.php\/wp-json\/wp\/v2\/pages\/691\/revisions"}],"predecessor-version":[{"id":804,"href":"https:\/\/www.holygrail-cfa.fr\/index.php\/wp-json\/wp\/v2\/pages\/691\/revisions\/804"}],"wp:attachment":[{"href":"https:\/\/www.holygrail-cfa.fr\/index.php\/wp-json\/wp\/v2\/media?parent=691"}],"curies":[{"name":"wp","href":"https:\/\/api.w.org\/{rel}","templated":true}]}}